. Let z be p(11). Suppose -z*r - 10 = -3*r. Let g(u) = -119*u + 18. List the prime factors of g(r).
2
Suppose 114*c + 23*c - 3293250 = 12*c. List the prime factors of c.
2, 3, 4391
Suppose -357 = a - 18*a. Suppose -a*x = -15*x - 1368. What are the prime factors of x?
2, 3, 19
Let q = -81 + 119. Suppose -3*h = -366 + 336. Suppose h + q = d. What are the prime factors of d?
2, 3
Let x(m) = -m - 2. Let v be x(-6). Let u(d) be the first derivative of d**4/4 - d**3/3 - 2*d**2 + 4*d + 2671. What are the prime factors of u(v)?
2, 3
Let x be (-540)/(-27)*2/(-5). Let h(j) = -66*j - 84. List the prime factors of h(x).
2, 3, 37
Suppose -38038 = -11*r - 4838 + 9689. List the prime factors of r.
7, 557
Let u(z) = -39*z - 182. Suppose -3*t = 12, -5*x - 4*t - 68 + 2 = 0. List the prime factors of u(x).
2, 13
Let a be ((-36)/(-5))/((-2)/(-10)). Let u be ((-6)/4)/(a/(-6432)). Suppose -3*q + 5*b + 191 = -17, u = 4*q - 2*b. What are the prime factors of q?
2, 3, 11
Let b = 17498 - 7696. List the prime factors of b.
2, 13, 29
Suppose -71*r + 67*r = 3*w + 64, 3*r + 4*w + 55 = 0. Suppose h - 11 = 25. Let a = h - r. List the prime factors of a.
7
Let c = 4054 + 40225. What are the prime factors of c?
44279
Let n(c) = c**2 - 2*c - 1. Let j = -31 - -46. Let r be 2/((j/6)/(-5)). What are the prime factors of n(r)?
23
Let i = 405 + -230. Suppose -i = -11*a - 21. What are the prime factors of a?
2, 7
Let r(c) = 3*c**2 - 10*c + 107. List the prime factors of r(21).
2, 5, 61
Let l(u) = 31*u**3 + 11*u**2 - 22*u - 24. List the prime factors of l(9).
2, 3, 7, 277
Suppose 0 = 18*f - 26*f - 48. What are the prime factors of (f - (0 + -6)) + 250?
2, 5
Suppose -4*h = -5 - 3. Suppose v + 4*p = 28, 49 + 37 = 5*v + h*p. Suppose 3*j - 5*j = -v. List the prime factors of j.
2
What are the prime factors of 48 + (-6578)/138 + (-166036)/(-6)?
27673
Let q = 45767 + -23533. List the prime factors of q.
2, 11117
Suppose -4*o + 20 = 55*f - 51*f, 4*f - o = 45. Suppose -15*d - f*d = -18750. What are the prime factors of d?
2, 3, 5
List the prime factors of (3/(180/(-52)) - -1) + (-745106)/(-30).
3, 17, 487
Suppose 2*i = -4*c + 1020, -9*i - 502 = -2*c - 8*i. Let z = 39 + c. What are the prime factors of z?
2, 73
Let m(j) = -2*j**3 + 12*j**2 + 4*j - 12. Let o be m(-10). Suppose -d + 4*d + 3*h = -9399, -4*h - o = d. List the prime factors of d/(-18) - -2*2/18.
2, 3, 29
Let f(y) be the first derivative of y**4/4 - y**3/3 + 11*y - 38. Suppose 6*m = -0*m. List the prime factors of f(m).
11
Let k = 19 - 51. List the prime factors of 1691/2 + 16/k.
5, 13
Suppose 4*w - 4*i = 15132, 3*i + 17102 = 4*w + 1972. Let r = w + -2398. What are the prime factors of r?
3, 461
Let l = 53082 - 36103. What are the prime factors of l?
16979
Let b = -38 + 43. Let d(j) = -j**2 + 27*j - 13. Let w(t) = -t**2 + 28*t - 13. Let g(l) = b*d(l) - 4*w(l). List the prime factors of g(11).
7, 17
Suppose -674 - 10 = -12*k. Suppose -k = -2*b - 5*x, 5*b - 32*x = -35*x + 133. What are the prime factors of b?
2, 13
Suppose -3*w + 168 = 4*r, 2*r + 11 = 5. Let z = w - 12. What are the prime factors of z?
2, 3
Suppose -z = 4*k - 30, 3*k - 3*z - 15 = -0*k. Let b(a) = -a**3 + 12*a**2 - 13*a + 4. Let o be b(k). Let p = o - 126. What are the prime factors of p?
2
Let y be (-42)/(-5)*(6 + 5 - 1). Suppose -3*q = 12 - y. Let d = -11 + q. List the prime factors of d.
13
Let w = -40 - -43. Let v be (-4 + 3 + 70)*w. Let x = 354 - v. List the prime factors of x.
3, 7
Let d = -26 + 67. What are the prime factors of (d/(-2))/((-1)/18)?
3, 41
Let k = -973 - -5416. Suppose k + 1997 = 14*z. What are the prime factors of z?
2, 5, 23
Suppose 0*r - 1 = g - 2*r, 0 = -3*g + 3*r + 3. Suppose 0 = 3*y - g, -4*y - 1749 = -3*l - 316. List the prime factors of l.
479
Let q = 58 - 57. Let s(l) = 394*l**3 - 3*l**2 + l + 1. Let a be s(q). Let i = a - 184. What are the prime factors of i?
11, 19
Let r be (12/(-18))/(4/(-12)). Let m be 1/r*1*214. Suppose v - t = m, -3*v - 3*t + 233 = -118. List the prime factors of v.
2, 7
Suppose w - 57 = -3*s - 2*w, 5*s - 4*w - 50 = 0. Let g(y) = y**2 - 15*y + 16. Let c be g(s). What are the prime factors of -3*c/9 + 1258/6?
11, 19
Let w(n) = -6*n**3 - 11*n**2 - 22*n - 7. List the prime factors of w(-11).
2, 5, 13, 53
Let l(m) be the third derivative of 37*m**5/20 - 19*m**4/24 + 17*m**3/3 + 147*m**2. What are the prime factors of l(2)?
2, 5, 11
Suppose 4*n = -2*p + 75 + 4461, -5*n = p - 2274. Suppose 3*l + 1990 = 4*u, 4*u + 264 = -2*l + p. List the prime factors of u.
499
Let l = 68 - 65. Let s be (-1 + 26/10)/(l/(-15)). List the prime factors of (s/(-12))/(2/183).
61
Let m = 11659 - 6411. What are the prime factors of m?
2, 41
List the prime factors of (2 + -9 - (-17 - -10)) + 3493.
7, 499
Suppose 21*h - 66908 - 67702 = 0. What are the prime factors of h?
2, 5, 641
Let c(t) = -27*t - 4. Let m be c(0). Let v be (-1 + 2 - 1) + 3. What are the prime factors of 3*(m/v - -3)?
5
Let y = 9 + -3. Let k(q) = 9*q**2 + 3*q - 44. What are the prime factors of k(y)?
2, 149
Suppose -v + 4*p = -409 - 6287, 0 = v + 5*p - 6678. What are the prime factors of v?
2, 11, 19
Let f(m) = 13*m**2 - 19*m + 80. Let d(h) = -12*h**2 + 18*h - 78. Let s(v) = 5*d(v) + 6*f(v). List the prime factors of s(6).
2, 3, 11
List the prime factors of 129005880/4836 + 5/((-65)/2).
2, 3, 13, 19
Let j(k) = 4*k**3 - 13*k**2 - 17*k + 19. Let a(d) = d**3 - 2*d. Let b(h) = 5*a(h) - j(h). What are the prime factors of b(-11)?
2, 73
Suppose -10 = -2*z, 5*z = -q - 0*z + 63. Let p = 41 - q. What are the prime factors of (-200)/(-12)*(5 + p + -2)?
2, 5
Let l be 2/6 - 3904/(-24). Suppose l - 138 = -5*v. What are the prime factors of (-416)/v + (-4)/20?
83
Let z be (-5)/(-20) - 15/12. Let y be -10*z/(-5)*5/(-2). Suppose -y*w = -298 - 217. List the prime factors of w.
103
Let n = 70 + -68. Suppose -n*x + 2*h + 46 = 190, 320 = -5*x - 3*h. Let a = x - -156. List the prime factors of a.
89
Let x = 22 - 22. Suppose 8*b - 9*b + 389 = x. Suppose -101 = -5*k + b. What are the prime factors of k?
2, 7
Let q be ((-2)/3)/((-25)/1575). List the prime factors of 11838/21 - (-12)/q.
2, 3, 47
Let v(x) = -3*x**2 + 19*x + 94. Let t be v(-12). Let q = t - -1106. List the prime factors of q.
2, 3, 5
Let v be ((-105)/(-10))/7*2. Let o(j) = 101*j**2 + 4*j - 11. Let m be o(v). Suppose -15*f = -8*f - m. What are the prime factors of f?
2, 5, 13
Suppose 7*m - 42074 + 12619 = 315743. What are the prime factors of m?
2, 3, 8219
Let h be (-18)/(-42) - 470/(-14). Let m(n) = 23*n - h*n + 17*n. What are the prime factors of m(7)?
2, 3, 7
Let p be -10 - -9 - 2/(-2). Suppose j + 4*v + p = 227, -4*j + 863 = v. List the prime factors of j.
5, 43
Suppose -2*u + 3059 = -9*u. Let l = 817 + u. List the prime factors of l.
2, 5, 19
Suppose -4*x = -3*p - 0*p - 35, -12 = -x + 4*p. Suppose -4*t - 13*v + x*v + 1655 = 0, -1643 = -4*t - v. What are the prime factors of t?
2, 5, 41
Let v be (11 + -3)/((-4)/(-1686) - 0). Suppose -v + 15510 = 17*f. What are the prime factors of f?
2, 3, 7, 17
What are the prime factors of (-36572)/(-12) - (-120)/36?
3, 113
Let s(j) = -22*j + 83. Let m(i) = i + 2. Let u(v) = 10*m(v) - 2*s(v). List the prime factors of u(14).
2, 5, 61
Suppose -6*a - 75500 = -24*a - 2*a. What are the prime factors of a?
5, 151
What are the prime factors of ((3 + -17)*6/(-15))/((-3)/(-330))?
2, 7, 11
Let y(p) = -910*p - 2779. What are the prime factors of y(-27)?
7, 11, 283
Let t be 3/(-4) - (-2 + (-11896)/32). Suppose 0 = -11*z + 2276 - t. What are the prime factors of z?
173
Suppose -2*f = -3*p + 7*p - 30, -3 = -3*p + 5*f. Let r(v) = 1. Let a(q) = -3*q + 5. Let u(t) = -a(t) - 2*r(t). List the prime factors of u(p).
11
Let j = 1198 + 1396. Suppose 5*x = j + 866. List the prime factors of x.
2, 173
Let r(q) = 0*q + q + 0*q - 6. Let c(n) = -1. Let f(l) = -2*c(l) - r(l). List the prime factors of f(-10).
2, 3
Let c(w) = -w**2 + 18*w + 9. Let s be c(15). Let a(z) = -51 + 112 - 162*z - s. What are the prime factors of a(-1)?
13
Suppose -4*a = 137 + 11. List the prime factors of (3 - a)/5 - -1208.
2, 19
Let d(s) = s**3 + 27*s**2 - 34*s - 1. Let t be d(-27). Suppose y - 2*l - 472 = 0, 2*y + 9*l = 4*l + t. List the prime factors of y.
2, 233
Let w(z) be the first derivative of -29*z**5/30 - z**4/8 - 7*z**3/3 + 8. Let f(i) 